nd 764919?
9
What is the greatest common factor of 123039 and 588?
147
What is the highest common factor of 51 and 7836?
3
Calculate the greatest common divisor of 782 and 4726.
34
What is the greatest common factor of 528357 and 5088?
159
What is the greatest common factor of 276052 and 1218?
14
Calculate the highest common factor of 111321 and 38.
19
What is the greatest common factor of 1944 and 57064?
8
Calculate the greatest common divisor of 125136 and 8848.
1264
What is the greatest common factor of 1430 and 770?
110
Calculate the greatest common divisor of 518 and 728.
14
Calculate the greatest common divisor of 2496 and 34788.
156
What is the highest common factor of 16962 and 1914?
66
Calculate the highest common divisor of 2380 and 3122084.
476
What is the greatest common divisor of 13011 and 78?
3
What is the highest common divisor of 305 and 250405?
305
What is the greatest common factor of 181 and 1327273?
181
Calculate the highest common divisor of 21952 and 30527.
343
Calculate the highest common divisor of 8330 and 119.
119
Calculate the highest common factor of 810 and 11502.
162
Calculate the highest common factor of 3216 and 2544.
48
What is the greatest common divisor of 111 and 143967?
111
Calculate the highest common divisor of 415 and 11786.
83
What is the highest common divisor of 2197 and 26?
13
Calculate the greatest common divisor of 912 and 5856.
48
Calculate the greatest common divisor of 2594364 and 8.
4
What is the highest common factor of 130 and 4342?
26
Calculate the greatest common factor of 8055 and 210.
15
Calculate the greatest common factor of 7016 and 2976.
8
Calculate the greatest common divisor of 48512 and 320.
64
What is the greatest common factor of 87742 and 9082?
38
What is the greatest common factor of 4 and 86302?
2
Calculate the greatest common divisor of 136410 and 440.
10
Calculate the greatest common divisor of 720 and 132780.
60
What is the highest common divisor of 325 and 615290?
65
What is the greatest common divisor of 36234 and 732?
366
Calculate the greatest common factor of 17546 and 124.
62
What is the greatest common divisor of 32320 and 56?
8
What is the greatest common divisor of 198 and 1173222?
18
What is the greatest common divisor of 227447 and 22?
11
What is the greatest common factor of 10738 and 350?
14
Calculate the highest common divisor of 715 and 125983.
143
Calculate the greatest common factor of 37 and 133163.
37
Calculate the highest common factor of 1568 and 880.
16
What is the greatest common divisor of 9 and 226656?
9
Calculate the greatest common divisor of 12425 and 1050.
175
Calculate the greatest common divisor of 3540 and 564.
12
Calculate the highest common divisor of 2040 and 152184.
408
What is the highest common divisor of 524515 and 2185?
115
What is the highest common factor of 418 and 544654?
418
What is the highest common factor of 624 and 56316?
156
What is the highest common divisor of 30519 and 72?
9
What is the greatest common factor of 1326 and 12036?
102
What is the greatest common factor of 11 and 2143889?
11
What is the greatest common divisor of 448 and 8640?
64
Calculate the greatest common factor of 78336 and 9333.
153
Calculate the highest common divisor of 783 and 2133.
27
Calculate the highest common divisor of 990 and 5786.
22
Calculate the highest common factor of 4136 and 95656.
88
What is the highest common factor of 411486 and 1?
1
Calculate the greatest common factor of 10 and 113255.
5
Calculate the greatest common factor of 150346 and 14.
14
Calculate the highest common divisor of 4928 and 3280.
16
What is the greatest common divisor of 1287 and 10439?
143
What is the highest common factor of 20473 and 1652?
59
What is the highest common factor of 12 and 883616?
4
Calculate the highest common divisor of 1116 and 87172.
124
Calculate the greatest common factor of 20196 and 440.
44
Calculate the highest common factor of 6 and 268530.
6
What is the highest common factor of 3627 and 30771?
117
What is the highest common divisor of 33 and 106293?
33
What is the highest common factor of 35 and 17855?
5
What is the greatest common factor of 18451 and 2?
1
What is the greatest common divisor of 637 and 23101?
13
What is the highest common divisor of 8 and 7343?
1
Calculate the highest common divisor of 666 and 7474.
74
Calculate the highest common factor of 1056 and 7356.
12
What is the highest common factor of 231 and 6567?
33
Calculate the highest common factor of 45970 and 10.
10
What is the greatest common factor of 71006 and 1274?
26
Calculate the highest common factor of 275910 and 240.
30
Calculate the greatest common divisor of 196 and 7588.
28
Calculate the highest common factor of 2184 and 894.
6
What is the highest common divisor of 29294 and 19982?
194
What is the greatest common factor of 21 and 1638987?
21
What is the highest common factor of 5288 and 3272?
8
Calculate the highest common divisor of 452 and 401941.
113
What is the greatest common factor of 848339 and 1405?
281
What is the greatest common divisor of 104745 and 120?
15
What is the highest common factor of 985 and 10305?
5
Calculate the greatest common factor of 296 and 29.
1
Calculate the highest common divisor of 5880 and 171960.
120
Calculate the greatest common factor of 450 and 26475.
75
What is the greatest common divisor of 43120 and 420?
140
What is the greatest common divisor of 1800 and 12825?
225
Calculate the greatest common divisor of 354 and 2034.
6
What is the highest common factor of 2093 and 143?
13
Calculate the highest common divisor of 272944 and 6.
2
What is the greatest common factor of 2121816 and 16?
8
What is the greatest common factor of 388819 and 8503?
773
What is the highest common divisor of 210 and 14115?
15
What is the highest common factor of 54813 and 3388?
121
What is the highest common divisor of 6208878 and 78?
78
What is the greatest common divisor of 15 and 422265?
15
What is the greatest common divisor of 20941 and 6407?
43
Calculate the highest common divisor of 1220432 and 256.
16
Calculate the highest common factor of 19812 and 28956.
1524
Calculate the highest common divisor of 380 and 1460.
20
Calculate the greatest common factor of 305748 and 298.
298
What is the greatest common factor of 114 and 1506111?
57
What is the greatest common factor of 888 and 3064?
8
Calculate the highest common factor of 3421 and 27057.
311
What is the highest common factor of 315630 and 455?
35
Calculate the highest common divisor of 112 and 30832.
16
Calculate the highest common divisor of 116 and 191168.
116
What is the highest common divisor of 1413 and 743709?
471
What is the highest common divisor of 20 and 472?
4
Calculate the highest common divisor of 4288 and 19832.
536
Calculate the highest common factor of 126 and 705194.
14
What is the highest common divisor of 8601 and 1281?
183
What is the highest common divisor of 3371236 and 34?
34
Calculate the highest common factor of 272 and 191216.
272
Calculate the highest common divisor of 316 and 5925.
79
Calculate the greatest common divisor of 35896 and 3584.
56
Calculate the greatest common factor of 1507 and 77.
11
Calculate the highest common factor of 19 and 1967640.
19
Calculate the greatest common factor of 154583 and 207.
23
Calculate the greatest common divisor of 330 and 29790.
30
What is the greatest common factor of 102705 and 3075?
615
Calculate the greatest common factor of 26302437 and 63.
63
What is the greatest common divisor of 1233748 and 4?
4
What is the highest common factor of 20 and 28585?
5
What is the greatest common divisor of 1760 and 322520?
440
What is the greatest common factor of 687 and 155949?
687
Calculate the greatest common factor of 207 and 3243.
69
What is the greatest common factor of 581 and 2513?
7
What is the greatest common factor of 33429 and 363?
33
Calculate the greatest common factor of 56760 and 387.
129
Calculate the greatest common factor of 140 and 1736.
28
Calculate the highest common divisor of 238 and 31484.
34
What is the highest common divisor of 289 and 12862523?
289
What is the highest common factor of 6116 and 59492?
556
What is the greatest common factor of 13794 and 1026?
114
What is the greatest common divisor of